 = -2*r**3 - 15*r**2 + 5*r - 15. Let m(t) = -4*a(t) - 7*j(t). Give m(v).
10
Let l = 15 + -11. Let j(z) = 3 - 6*z - l - 3 + z**2 + 2*z. Determine j(5).
1
Let w(m) = -m**3 - 8*m**2 + 5. Suppose 40 = -2*h - 3*h. What is w(h)?
5
Let w(x) be the first derivative of x**4/4 + 5*x**3/3 + 7*x**2/2 + 5*x - 4. Let f be 11/(-3) - (-2)/(-6). Give w(f).
-7
Suppose -17*w + w = -128. Let o(d) = d**3 - 7*d**2 - 8*d - 7. What is o(w)?
-7
Let y(o) = -3*o**3 - 6 + 4 + 2*o**3 - 2*o**2. Suppose -5 = 5*f + 5. What is y(f)?
-2
Let y be (-3)/(-2)*(-4)/3. Let a = y - -1. Let q(c) be the second derivative of -5*c**4/6 - c**3/6 + 8*c. What is q(a)?
-9
Suppose s - 32 = -3*s. Suppose -s*x = -4*x. Let w(y) be the third derivative of y**5/60 - y**4/24 + y**3/2 - y**2. What is w(x)?
3
Let c(j) be the third derivative of -1/120*j**6 - 1/24*j**4 - 2*j**2 + 0 + 1/6*j**3 + 0*j - 1/15*j**5. Let q be (-1 - 1)/((-4)/(-6)). Calculate c(q).
-5
Let v(z) = 4*z**2 - 7*z - 3. Let p(u) = -3*u**2 + 5*u + 2. Let j(t) = 7*p(t) + 5*v(t). What is j(0)?
-1
Let o = 118 + -112. Let l(a) = a**2 - 6*a - 7. Calculate l(o).
-7
Let h(u) = -u. Let q(k) = -2*k + 3. Let b(o) = -3*h(o) + q(o). What is b(-5)?
-2
Let n(a) = 2*a**2 + 3*a + 1. Suppose -r = 4 - 1. Give n(r).
10
Let q(y) = -y**3 - 4*y**2 - 4. Suppose 2*k - k - 10 = 4*p, 2 = -4*k + 2*p. Let c = k - 2. Calculate q(c).
-4
Let c(x) = 4 - 18*x + 6*x + 10*x. Suppose 9 + 14 = -p + 4*s, 5*p + 5*s - 10 = 0. Give c(p).
10
Let o(r) = -8 + r + 9 + 7*r**3 + 0 - 4*r**3. Determine o(-1).
-3
Let c(o) = -o**3 - 5*o**2 - 5*o - 3. Let g be c(-3). Let s(w) = -3 - 95*w + 52*w + 45*w. What is s(g)?
-15
Let g(z) = -z**3 - z**2 + 5*z - 4. Let y(c) = 2*c**3 + 3*c**2 - 10*c + 7. Let u(l) = 7*g(l) + 4*y(l). What is u(-6)?
-6
Let u(x) = 0 - 7*x - 9 + 15 + x**2. What is u(6)?
0
Let z(h) = h**3 - 2*h**2 - h - 1. Suppose 5*p = 22 - 7. Let g be ((-2)/p)/((-1)/3). Calculate z(g).
-3
Let y(g) be the first derivative of g**3/3 - 2. Let m(v) = 5*v**2 + 2*v + 2. Let r(z) = m(z) - 6*y(z). Give r(4).
-6
Let x(o) = -o + 4 + 1 + 2*o**2 + 2*o**3 + 6*o**2 - 3*o**3. Let l be x(8). Let r(p) = 2*p**2 - 5*p**2 - p**3 - 2 + p + p**2. Calculate r(l).
4
Suppose 4 + 8 = 4*h. Suppose 2*l - x = -3*x + 20, 0 = -l - 5*x + 30. Let c(m) = -3*m**3 + 4 - l*m**2 + 4*m**h + m**2. Calculate c(4).
4
Let y(b) = -b**2 + 7*b - 6. Let w = 31 - 13. Suppose -3*l = 12, r - 5*l - w = 23. Suppose -25 = -5*u - a, -5*u = 4*a - r - 4. What is y(u)?
4
Let u(w) = w - 8 + 3*w**2 - 4*w**3 + 0*w**2 + 3*w**3 + 5*w**2. Calculate u(8).
0
Suppose -3 = -3*f, -3*p - p + 4 = -4*f. Let m = 1 + p. Let v = m - -2. Let k(d) = d**3 - 5*d**2 - 3*d + 6. Determine k(v).
-9
Let g = -27 + 26. Let w(j) = 11*j. Calculate w(g).
-11
Let v(m) be the first derivative of -m**3/3 + 5*m**2/2 - 6*m + 4. Let d be v(4). Let u(k) = -2*k**2 + 0*k**2 - 3 + 3*k**2 - 2*k. Give u(d).
5
Let k(a) = 5*a - 35. Let z be k(7). Let r(y) be the second derivative of -1/20*y**5 + z - 3*y**2 + 1/3*y**4 - 3*y + 1/3*y**3. Determine r(4).
2
Let r(w) = -3 + 9*w**2 + w + 3. Suppose -2*s - 3*a + 11 = 0, 0 = -4*s + 4*a - 16 - 12. Let q be (3 - 2) + s/1. Determine r(q).
8
Let l(b) = -b + 1. Let q(g) = 3*g - 6. Suppose 10 = 5*f - 7*f. Let n(x) = f*l(x) - q(x). Suppose 2 = -3*v - 4. Determine n(v).
-3
Let w = 8 - 6. Let k(v) = 3*v**3 + 1 - v**3 + v - 2 - v**w. Let g(o) = o**3 - 1. Let q(r) = -g(r) + k(r). What is q(0)?
0
Let k(s) = 7*s**2 - 5 + 17*s - 32*s + s**3 + 13*s. Determine k(-7).
9
Let q = -5 + -3. Let n = q - -10. Let o(z) = 2*z**2 - 1. Give o(n).
7
Let r(q) = q**2 - 3*q + 2. Let n = 9 - 7. Suppose -5*x - y + 19 = 3*y, -n*y - 7 = -3*x. What is r(x)?
2
Let u(l) = 0*l**3 + 3*l - l**2 + 3*l**3 + 1 - 3*l**3 - 2*l**3. Determine u(-2).
7
Let k(o) be the first derivative of -o**4/4 + 2*o**3/3 + 2*o**2 - 2*o + 11. Suppose -9 = -5*m + 6. Give k(m).
1
Let m(q) = -q + 2. Let y be m(4). Let b(u) = 0*u**2 + 3*u**2 + 3*u + 0*u - 1 - u. Give b(y).
7
Let g(p) = -p - 1. Let x(q) = q**3 + 7*q**2 + 7*q - 5. Let f(a) = 2*g(a) + x(a). Let o be -5 + (2 - 3) + 0. Give f(o).
-1
Let i(m) be the second derivative of 0 - 1/20*m**5 + 4*m + 1/3*m**4 + 0*m**3 - 1/2*m**2. Let q = -7 - -11. What is i(q)?
-1
Let i be -2 + 1/(-1) - -8. Let s(y) = 4 - 3 - 7*y - 5*y**2 - y**3 - i + 2*y. Suppose 0 = -2*z + 7*z + 5*u + 45, -3*u = 5*z + 35. Determine s(z).
0
Let p = 54 + -52. Let w(d) = -d + 2. Determine w(p).
0
Let j(h) = h + 7. Let g be (-12)/(-16)*(0 + -4). Let w be j(g). Let d(u) be the third derivative of -u**5/60 + 5*u**4/24 - u**3/3 - u**2. Give d(w).
2
Let x(g) = 0 - g + 5 + 3. What is x(6)?
2
Let s(w) = 6*w**2 - 10*w - 5*w**2 + 4 + 11*w. Let a(g) = g + 5. Let u be a(-5). Determine s(u).
4
Let i be (28/49)/((-6)/(-21)). Let q(a) be the third derivative of -a**6/120 + a**4/12 + a**2. What is q(i)?
-4
Let w(c) = 6*c**2. Let s be 16/12 + 1/(-3). Give w(s).
6
Suppose -7*v + 97 = 76. Let u(x) be the first derivative of -x**3/3 + 4*x**2 - 3*x + 1. What is u(v)?
12
Let u(v) = 3*v**2 + 2*v + 4. Let q be u(-3). Let n(g) = 24*g**3 - 1 + 0*g**2 - q*g**3 - 2*g - g**2. What is n(-2)?
7
Let m(r) be the third derivative of -r**6/360 + r**5/60 + r**4/8 + 3*r**2. Let d(c) be the second derivative of m(c). Determine d(2).
-2
Let s(h) = h**2 + h + 4. Let r be s(0). Let y be 0 + 2 + r/2. Let c(q) be the first derivative of q**3/3 - 3*q**2 + 6*q - 3. What is c(y)?
-2
Suppose 0 = 3*n - 6. Let a = -22 + 24. Suppose a*z + 0*q + 4*q + 28 = 0, z - 6 = n*q. Let x(y) = -y**2 - 4*y + 4. Give x(z).
4
Let l be (1 - 1)/((-2)/1). Let v = 4 - l. Let w(i) = 2*i + 1. Let o(n) = -n - 2. Let h(f) = -4*o(f) - 3*w(f). What is h(v)?
-3
Let a(l) = -4*l**2 - 2*l - 1. Let j(u) = -2*u**2 - 1. Let y(x) = x**2 - x + 1. Let h(z) = -4*j(z) - 3*y(z). Let r(w) = -4*a(w) - 3*h(w). Give r(2).
3
Suppose 0 = -n - 3*w + 6, 3*n = -n + 4*w - 24. Let t(c) = 5*c + 3. What is t(n)?
-12
Let x be -3*(0 - (-1)/3). Let n(y) = 44*y**3 + 0*y - 2*y - 50*y**3 + 3*y. Determine n(x).
5
Let b(w) = -w + 2. Let t = -13 - -17. Let s be 8 - (t - (-2 + 4)). Calculate b(s).
-4
Suppose c - 1 - 6 = 0. Suppose -3*w = -2*f - 30, -w - 63 = -5*w - 5*f. Suppose 3*q - q - w = 3*b, -b = 3*q - c. Let m(h) = -h**2 - 3. Give m(q).
-12
Suppose -25 = i - 2*i. Suppose -2*y = 3*y + i. Let x(k) = -k**3 - 4*k**2 + 5*k - 1. Calculate x(y).
-1
Let l be (0 - (-3 - -2))/1. Let s(h) = -3*h + 12. Let q(d) = 1. Let t(u) = l*s(u) - 6*q(u). Suppose -5*v + 3*x - 6 + 19 = 0, 2*v - 14 = -x. Give t(v).
-9
Let t(m) = -2*m - 2. Let a(l) = l**2 + 15*l + 51. Let y be a(-6). What is t(y)?
4
Suppose -2*u + 4*a = 5 + 5, 5*u - 4*a + 1 = 0. Let l(i) = 5 - 1 - u + i. Let h be (-11)/(-11) + 1*-1. Determine l(h).
1
Let m be -2 + 1 - (-10 + 7). Let o be 30/(-4)*2/(-3). Let d(c) = 1 + o*c**m - 7*c**3 + 0 - 4*c**2 - c. Give d(1).
-6
Let m be (6 + -5)/(1/4). Let o(t) = -6*t + 14. Let h(u) = -4*u + 9. Let a(l) = 8*h(l) - 5*o(l). Determine a(m).
-6
Let q(g) = g**2 + 7*g + 4. Let i = -5 + -2. What is q(i)?
4
Let q(s) = -2*s**3 + 2*s**2 + 2*s + 2. Suppose 2*k - 4 = 2. What is q(k)?
-28
Let c(n) be the first derivative of -n**4/4 - n**2/2 + n - 4. Let p(i) = i**3 - 5*i**2 + 9*i + 3. Let z(k) = -2*c(k) - p(k). Let m = -8 + 2. Calculate z(m).
1
Let y(g) = 4 - 1 - 4 - 6*g. Let f be (2 - 0) + (-1)/(-1). Suppose -f*o + 8 = b, o - 7 = 3*b + b. Calculate y(b).
5
Let g(c) be the third derivative of -c**5/60 + 7*c**4/24 + 5*c**3/6 - 35*c**2. Give g(7).
5
Let o(q) be the second derivative of q**6/120 - q**5/30 + q**4/8 - q**3/2 + q**2/2 - q. Let d(u) be the first derivative of o(u). Determine d(2).
3
Let l be -1*0/(-2) - -2. Suppose 3*i = 2*i + l. Let c(x) = -x. Calculate c(i).
-2
Let m be (6/4)/3*2. Let x(w) = -8*w + 3*w - 43 + 43. What is x(m)?
-5
Suppose 20*n = 19*n. Let q(b) be the third derivative of b**4/24 - b**3 + b**2. Calculate q(n).
-6
Let g(x) = -3*x**3 + 0*x**2 + 7*x + 2*x**3 - 10 + 3*x**2 + 3*x**2. Determine g(7).
-10
Let j(m) = -m**3 - 4*m**2 + 5*m + 4. Let s be j(-5). Let t(o) = -5*o + 5*o**2 - s*o**2 + o - 1. Calculate t(5).
4
Let v be (2 - 1)/((-1)/3). Let p(x) = 3*x**2 + 21*x. Let s(w) = w**2 + 7*w. Let k(m) = 3*p(m) - 8*s(m). Determine k(v).
-12
Let l(s) be the third derivative of -s**5/30 + 5*s**4/24 - 2*s**3/3 - 32*s**2. Calculate l(3).
-7
Let b(q) = -q**2 + q - 1. Let l(t) = t**3 + 4*t**2 - 6*t + 2. Let j(p) =